+ 9494/26 composite?
True
Let d(o) = 0*o + 5*o + 14*o**2 - 4*o + 1. Is d(-1) a prime number?
False
Is (6 - (-69)/(-12)) + (-2563)/(-4) a composite number?
False
Let c(f) = f**2 - 2*f + 10. Is c(11) a composite number?
False
Suppose -g + 3*g - 34 = -2*k, -77 = -5*g + 3*k. Suppose -z + 7 = -g. Is z a prime number?
True
Let h = 25 - 2. Is h a composite number?
False
Is (-21)/(-6)*(16 - 2) prime?
False
Let q = -172 - -395. Is q prime?
True
Suppose 616 + 548 = 4*j. Is j a prime number?
False
Suppose 13 = 3*r - b, 2*r + 2*b = b + 7. Is (-315)/(-4) - (-1)/r composite?
False
Let m(w) = 7*w**3 + 2*w - 10*w**3 - w + 2*w**2 - 11*w**3. Let q = -1 - 0. Is m(q) a composite number?
True
Suppose -j + 0*t - 2*t = -10, -2*t = -2*j - 4. Is (-2 + 143/2)*j composite?
False
Suppose 3*c = -0*c. Suppose k = -c*k + 4. Suppose -2*b + 376 = 4*d + 134, 2*d = k*b - 514. Is b a prime number?
True
Let q(s) = 4*s**2 - 18*s + 19. Is q(18) a composite number?
False
Let j = -35 - -191. Let d = j - -27. Let s = d - 104. Is s prime?
True
Let g be 3/(-3) + 4 + 7. Let i = g + 4. Is i a composite number?
True
Suppose 4*b - 3*z + 5 = 33, 5*z = 2*b - 14. Is b a prime number?
True
Let n = -295 + 976. Is n a prime number?
False
Let d be (-2)/(-5) + 36/(-15). Let k = 4 + d. Is (k + 0)/(2/31) a prime number?
True
Let w(c) = 9*c**2 + 4. Let t = -15 + 8. Is w(t) a composite number?
True
Let a = 838 + -176. Is a prime?
False
Let n(w) = -w**3 + 8*w**2 - 7*w + 7. Let y be n(7). Let a(t) = 34*t + 0 - 5 - y*t - 2*t. Is a(6) a composite number?
True
Let u = 48 - 12. Let a = u + -95. Let x = -25 - a. Is x a prime number?
False
Let g = -116 - -209. Is g composite?
True
Suppose -3*a - 2*i - 5 + 2 = 0, 3*i + 9 = 0. Let g be (2/6)/(a/177). Suppose -2*z + 3*r + 95 + g = 0, 359 = 5*z - r. Is z composite?
False
Is (-4)/12 - (-1 - (-7022)/(-6)) composite?
False
Let l = -1 + 5. Suppose 2*m = -l*j + 5*m, j + 5 = 2*m. Is j prime?
True
Let h(k) = 39*k**2 + 3*k + 7. Is h(-5) a prime number?
True
Let n(p) = 3*p**2 + 5*p + 1. Let x be n(-4). Suppose s + x = 2*s + 2*j, s - 35 = -4*j. Is s composite?
False
Suppose 3*i - 712 = -5*i. Is i composite?
False
Suppose -1172 = -2*d - 2*d. Is d a prime number?
True
Suppose -5*o = 0, w - 597 = -2*w + 2*o. Is w composite?
False
Let g(f) = -f. Let n = 5 + -4. Let t(j) = 15*j. Let h(o) = n*t(o) + 18*g(o). Is h(-5) a prime number?
False
Let d(y) = 66*y**2 + 1. Is d(1) a composite number?
False
Is 2865/(-10)*(-4)/3 a composite number?
True
Suppose -10*o + 3248 + 14322 = 0. Is o prime?
False
Suppose 0 = 2*g - 4*g + 5*h + 862, 0 = -3*g - 2*h + 1293. Is g prime?
True
Let c(s) = 2*s**3 + 7*s**2 - 7*s - 38. Let i(y) = -3*y**3 - 11*y**2 + 11*y + 57. Let a(q) = -8*c(q) - 5*i(q). Is a(0) a prime number?
True
Suppose 3*d = -s + 1670, -s + 1 = 2. Is d composite?
False
Let t be ((-2)/(-5))/(4/600). Let g = t - 1. Is g prime?
True
Let k = 71 + 47. Is k prime?
False
Let h be (-952)/(-16) - 1/(-2). Suppose -h = -5*n + 3*v, -3*v + 8*v + 25 = 0. Let j = 16 - n. Is j a prime number?
True
Suppose 15 = -3*v, 4*v - 824 = -4*w + 1128. Is w prime?
False
Let d(q) = q**3 + 4*q**2 + 3*q + 2. Let k(x) = -x**3 - 3*x**2 + 2. Let j be k(-2). Let h be d(j). Let g = 11 + h. Is g prime?
False
Suppose -6*r + 367 + 1175 = 0. Is r a prime number?
True
Is 158*(-2)/(-12)*3 a prime number?
True
Let m = -233 + 382. Is m prime?
True
Suppose 4*p + 20316 = 16*p. Is p composite?
False
Is 3824/32 - 3/(-2) a composite number?
True
Suppose -8*g + 5*g + 4929 = 0. Is g a composite number?
True
Suppose -r - 1552 = -2*j, -2*j - 5*r = j - 2341. Is (-1)/((-3)/j) - 2 a composite number?
False
Suppose -5756 - 113 = -4*r + 5*p, 0 = -p + 3. Is r composite?
False
Suppose 591 = p - 0*p. Is p prime?
False
Suppose 0*b = 5*b - 765. Is -2 + 1 + -3 + b prime?
True
Let w = 8 + -8. Suppose z = -u + 26, w*u - 130 = -5*u + 3*z. Is u composite?
True
Let g be 1/(2/(-8)*-2). Suppose 2*a - 150 = -2*a - 2*i, -4*i + 66 = g*a. Is a a prime number?
False
Suppose 17 + 3 = 5*b. Let g(w) = w**3 - 3*w**2 + 4*w - 6. Is g(b) composite?
True
Let q = -124 + 39. Let v = q - -121. Suppose 0 = -2*z + v + 128. Is z a prime number?
False
Is -14*((-258)/(-4))/(-3) prime?
False
Suppose k - 6*k = 0. Let y(h) = k*h + 2*h + 2*h - 1. Is y(3) prime?
True
Suppose 4*h = 7*h - 9. Suppose 6 = -h*v, -93 = -x - 0*x + 3*v. Is x a composite number?
True
Suppose 2*d + 74 = 5*b + 297, -d + 5*b = -114. Is d composite?
False
Suppose -5*b + 296 = -4*b. Suppose -2412 = -4*q + b. Is q prime?
True
Let c(d) be the first derivative of d**3/3 + 2*d**2 - d - 3. Let p be c(-4). Is 0 - p - (0 + -20) composite?
True
Let y(d) = -d**3 + 2*d**2 - 11*d - 6. Suppose -5*i + 2*a + 45 = 0, 4*i - 49 = 5*a - 13. Let h be y(i). Let s = h + 979. Is s prime?
True
Let w = -1599 + 2966. Is w composite?
False
Let s(l) = l**2 + 2*l + 5. Let b be s(-6). Let y be 4 + (9 - 13)*(-1)/(-2). Suppose 5*m = -2*c + b, 2*m - 6 = c + y. Is c a prime number?
True
Let m = 18 + -16. Suppose d = m*v - 0*v + 115, 2*v - 230 = -2*d. Is d composite?
True
Let p(m) = -398*m**3 + m. Is p(-1) a prime number?
True
Let t = 6 + -4. Suppose -8 = -t*l + 4*l. Is ((-254)/(-6))/(l/(-12)) a composite number?
False
Let m(z) = -z + 16. Let x(n) = 7*n - 2. Let v be x(2). Is m(v) a composite number?
True
Let h = 1775 + -502. Is h a composite number?
True
Let d(o) = -o**2 - o. Let h(n) = -n**3 + 2*n**2 - 5*n + 1. Let y(s) = -2*d(s) + h(s). Let v be y(2). Suppose -v*z + 7*z = 764. Is z prime?
True
Let x be -2 + (1 + -1 - 1). Let r = x - -5. Suppose r*h = -h + 21. Is h prime?
True
Suppose 0*l - 3*l + 114 = 0. Is 0 + (-4)/4 + l a prime number?
True
Let o(w) = w**3 - 8*w**2 - 8*w - 7. Let j be o(9). Suppose j + 0 = -x. Is (-2)/x*(118 + -5) a composite number?
False
Let z(f) = 6*f - 48*f + 1 - 7 + 1. Is z(-3) composite?
True
Let u(x) = 29*x - 4. Let t be u(10). Let s = t - 168. Is s prime?
False
Let u(c) = 13*c. Let j(f) = -14*f - 1. Let b(g) = -5*j(g) - 6*u(g). Suppose 18*d - 18 = 21*d. Is b(d) composite?
False
Is (-2)/(-1) + (8 - -87) composite?
False
Let u be (-100)/6*78/4. Let o = -157 - u. Let z = -85 + o. Is z composite?
False
Let w(i) = i**2 + 3*i - 8. Let j be w(-6). Let n = j - -11. Is n a composite number?
True
Is ((-18)/(-15))/((-2)/(-155)) a composite number?
True
Let y(g) = 6*g**3 + 8*g**2 + 4*g - 7. Is y(4) a prime number?
True
Suppose -4*s + 2623 = 459. Is s composite?
False
Is 767/4 - (-42)/(-56) prime?
True
Suppose -3*y = -114 + 342. Let v = y - -113. Is v prime?
True
Let w = 93 + 140. Is w prime?
True
Let c = 239 + 26. Is c prime?
False
Suppose 4*q = 4*m - 272, -m - 3*q = 2*m - 228. Let f = 215 + m. Is f prime?
False
Suppose -2*h = -4*r - 8, 0*r = -3*h - 4*r - 38. Let i = h + 8. Suppose -i*n - 88 = -2*q, 0 = 3*q + q + 2*n - 188. Is q a prime number?
False
Suppose -q - 4*k + 583 = 0, 5*q - 5*k = 411 + 2504. Is q a composite number?
True
Suppose 0*d = -d + 474. Suppose -3*k - 1 = 2. Is (k + 3)/(12/d) a composite number?
False
Suppose -11 - 13 = 4*g. Let w be ((-6)/(-12))/((-1)/g). Suppose -x - 123 = -4*c + 4*x, -4*x + 131 = w*c. Is c prime?
True
Let x(n) be the first derivative of n**4/4 - 10*n**3/3 - n + 3. Is x(12) prime?
False
Let d(y) = y**2 - 5*y + 7. Suppose n = -5*x + 28, -5*n + 0*n + 48 = 2*x. Let h be (-2)/n - 27/4. Is d(h) prime?
False
Let s(z) = -z**2 - 3*z + 1. Let w be s(-2). Suppose 2*y = -3*g + 6*y - 66, -w*y = -2*g - 43. Let d = 49 + g. Is d composite?
False
Suppose -2*x - 5*y = -282 - 165, 3*x = -3*y + 666. Is x composite?
True
Let r(y) = 5*y**2 + 2*y + 19. Is r(6) a composite number?
False
Let u be 3/(-3)*-1 + 3. Suppose u*y = 923 - 279. Is y composite?
True
Suppose 10*h - 5*h - 39955 = 0. Is h a composite number?
True
Suppose 0 = -m + 4 - 2. Suppose -m*g + 5*g = 108. Let u = 1 + g. Is u prime?
True
Suppose 0 = 64*z - 67*z + 30. Is z composite?
True
Let n = 0 + 14. Is n*206*4/16 prime?
False
Suppose 10 - 2 = 2*o. Suppose z + 2*s = 687, -s = -o*z - 4*s + 2728. Is z a composite number?
True
Let t be (-518)/(-4) + (-3)/(-6). Let b = t + -87. Suppose 211 + b = 2*q. Is q a prime number?
True
Suppose 2*b - 23 = 15. Suppose 4*r = b + 9. Suppose r*m = 3*m + 36. Is m composite?
True
Let o = -1245 - -1880. Is o a prime number?
False
Suppose i = q - 743, -2*i = q - 5*i - 739. Is q prime?
False
Suppose 0 = w - 8*w + 3899. Is w